 2123.
244
What is the remainder when 14061 is divided by 1132?
477
What is the remainder when 28424 is divided by 473?
44
What is the remainder when 5838 is divided by 443?
79
What is the remainder when 23220 is divided by 4580?
320
What is the remainder when 1398 is divided by 12?
6
What is the remainder when 986 is divided by 495?
491
What is the remainder when 25993 is divided by 25957?
36
What is the remainder when 3568 is divided by 37?
16
What is the remainder when 92547 is divided by 48?
3
What is the remainder when 7094 is divided by 588?
38
Calculate the remainder when 15488 is divided by 7735.
18
What is the remainder when 4378 is divided by 41?
32
Calculate the remainder when 143892 is divided by 15.
12
What is the remainder when 243169 is divided by 2384?
1
Calculate the remainder when 147160 is divided by 5.
0
What is the remainder when 78005 is divided by 538?
533
Calculate the remainder when 260015 is divided by 2064.
2015
Calculate the remainder when 6023 is divided by 94.
7
Calculate the remainder when 7293478 is divided by 60.
58
Calculate the remainder when 6352 is divided by 1003.
334
Calculate the remainder when 795151 is divided by 402.
397
Calculate the remainder when 157029 is divided by 410.
409
Calculate the remainder when 33148 is divided by 390.
388
Calculate the remainder when 921 is divided by 85.
71
What is the remainder when 31468 is divided by 1264?
1132
Calculate the remainder when 80067 is divided by 27.
12
What is the remainder when 3886 is divided by 2555?
1331
Calculate the remainder when 175 is divided by 134.
41
What is the remainder when 957 is divided by 77?
33
Calculate the remainder when 594053 is divided by 162.
161
Calculate the remainder when 69499 is divided by 1158.
19
Calculate the remainder when 1970580 is divided by 14.
10
What is the remainder when 9029 is divided by 604?
573
Calculate the remainder when 1093 is divided by 48.
37
Calculate the remainder when 802869 is divided by 81.
78
Calculate the remainder when 616 is divided by 41.
1
What is the remainder when 669 is divided by 112?
109
Calculate the remainder when 14485 is divided by 159.
16
What is the remainder when 59336 is divided by 352?
200
Calculate the remainder when 38419 is divided by 9598.
27
Calculate the remainder when 95199 is divided by 5.
4
Calculate the remainder when 83996 is divided by 70.
66
Calculate the remainder when 4911 is divided by 4621.
290
Calculate the remainder when 13591 is divided by 4530.
1
What is the remainder when 212398 is divided by 40?
38
What is the remainder when 66870 is divided by 314?
302
Calculate the remainder when 3193 is divided by 1464.
265
What is the remainder when 1102 is divided by 1079?
23
Calculate the remainder when 41825 is divided by 26.
17
Calculate the remainder when 1644 is divided by 17.
12
Calculate the remainder when 85227 is divided by 14183.
129
Calculate the remainder when 1343 is divided by 85.
68
What is the remainder when 4316 is divided by 622?
584
Calculate the remainder when 256735 is divided by 128361.
13
Calculate the remainder when 1096664 is divided by 274165.
4
What is the remainder when 38177 is divided by 202?
201
Calculate the remainder when 553504 is divided by 2700.
4
What is the remainder when 1791 is divided by 26?
23
What is the remainder when 2477 is divided by 807?
56
Calculate the remainder when 2061 is divided by 109.
99
What is the remainder when 1659 is divided by 364?
203
Calculate the remainder when 652353 is divided by 743.
742
Calculate the remainder when 1812358 is divided by 660.
658
Calculate the remainder when 2084 is divided by 687.
23
Calculate the remainder when 87384 is divided by 7281.
12
What is the remainder when 2485 is divided by 17?
3
What is the remainder when 6339 is divided by 351?
21
Calculate the remainder when 19262 is divided by 39.
35
Calculate the remainder when 24014 is divided by 453.
5
What is the remainder when 25214 is divided by 472?
198
What is the remainder when 41682 is divided by 126?
102
Calculate the remainder when 3155 is divided by 93.
86
Calculate the remainder when 2650 is divided by 753.
391
Calculate the remainder when 1811 is divided by 712.
387
Calculate the remainder when 1109 is divided by 22.
9
What is the remainder when 3667 is divided by 266?
209
Calculate the remainder when 2530294 is divided by 7.
4
What is the remainder when 2492 is divided by 165?
17
What is the remainder when 59613 is divided by 432?
429
Calculate the remainder when 422 is divided by 77.
37
Calculate the remainder when 890 is divided by 252.
134
What is the remainder when 1251 is divided by 414?
9
Calculate the remainder when 6262 is divided by 783.
781
Calculate the remainder when 2086 is divided by 695.
1
What is the remainder when 5185 is divided by 73?
2
What is the remainder when 1099 is divided by 41?
33
What is the remainder when 2512 is divided by 468?
172
Calculate the remainder when 543 is divided by 4.
3
Calculate the remainder when 12517 is divided by 15.
7
What is the remainder when 11429 is divided by 2855?
9
What is the remainder when 183965 is divided by 155?
135
Calculate the remainder when 584575 is divided by 2386.
5
What is the remainder when 973288 is divided by 21?
1
Calculate the remainder when 694 is divided by 32.
22
What is the remainder when 4084 is divided by 103?
67
Calculate the remainder when 5279 is divided by 53.
32
Calculate the remainder when 33586 is divided by 16783.
20
What is the remainder when 42600 is divided by 21?
12
What is the remainder when 2279418 is divided by 130?
128
What is the remainder when 2039 is divided by 667?
38
What is the remainder when 79 is divided by 10?
9
Calculate the remainder when 25187 is divided by 8394.
5
What is the remainder when 145140 is divided by 13?
8
Calculate the remainder when 24504 is divided by 4897.
19
What is the remainder when 102915 is divided by 102877?
38
Calculate the remainder when 155466 is divided by 29.
26
What is the remainder when 53681 is divided by 60?
41
What is the remainder when 1704 is divided by 119?
38
Calculate the remainder when 18510 is divided by 319.
8
Calculate the remainder when 1450 is divided by 1438.
12
What is the remainder when 1600961 is divided by 5?
1
What is the remainder when 40310 is divided by 20141?
28
What is the remainder when 14630 is divided by 2843?
415
Calculate the remainder when 6040 is divided by 1164.
220
Calculate the remainder when 3746 is divided by 2537.
1209
What is the remainder when 4216 is divided by 532?
492
What is the remainder when 4725 is divided by 140?
105
Calculate the remainder when 1358300 is divided by 58.
56
What is the remainder when 15144 is divided by 66?
30
Calculate the remainder when 13357 is divided by 334.
331
Calculate the remainder when 85624 is divided by 125.
124
Calculate the remainder when 883 is divided by 164.
63
What is the remainder when 49016 is divided by 127?
121
Calculate the remainder when 214371 is divided by 609.
3
Calculate the remainder when 2080 is divided by 78.
52
What is the remainder when 6139 is divided by 852?
175
What is the remainder when 1480 is divided by 1463?
17
What is the remainder when 256766 is divided by 118?
116
What is the remainder when 36917 is divided by 21?
20
Calculate the remainder when 1307 is divided by 63.
47
What is the remainder when 6870 is divided by 29?
26
Calculate the remainder when 192364 is divided by 943.
935
Calculate the remainder when 29404 is divided by 37.
26
What is the remainder when 10299 is divided by 197?
55
Calculate the remainder when 2223 is divided by 960.
303
What is the remainder when 171389 is divided by 824?
821
Calculate the remainder when 47162 is divided by 169.
11
What is the remainder when 136815 is divided by 8?
7
Calculate the remainder when 54937 is divided by 54930.
7
What is the remainder when 19156 is divided by 1739?
27
What is the remainder when 157759 is divided by 217?
0
Calculate the remainder when 10219 is divided by 3313.
280
Calculate the remainder when 153936 is divided by 291.
288
Calculate the remainder when 29968 is divided by 236.
232
What is the remainder when 3276 is divided by 834?
774
What is the remainder when 1184 is divided by 226?
54
What is the remaind